{"id":90,"date":"2023-07-28T21:24:09","date_gmt":"2023-07-29T00:24:09","guid":{"rendered":"https:\/\/nadiareinig.com.br\/?page_id=90"},"modified":"2024-04-01T15:12:36","modified_gmt":"2024-04-01T18:12:36","slug":"curriculum","status":"publish","type":"page","link":"https:\/\/nadiareinig.com.br\/?page_id=90","title":{"rendered":"Curriculum"},"content":{"rendered":"<!-- wp:themify-builder\/canvas \/-->","protected":false},"excerpt":{"rendered":"","protected":false},"author":1,"featured_media":0,"parent":0,"menu_order":0,"comment_status":"closed","ping_status":"closed","template":"","meta":{"_monsterinsights_skip_tracking":false,"_monsterinsights_sitenote_active":false,"_monsterinsights_sitenote_note":"","_monsterinsights_sitenote_category":0,"_uf_show_specific_survey":0,"_uf_disable_surveys":false,"footnotes":""},"class_list":["post-90","page","type-page","status-publish","hentry","has-post-title","has-post-date","has-post-category","has-post-tag","has-post-comment","has-post-author",""],"builder_content":"<h5 style=\"text-align: left;\">PERFIL PROFISSIONAL<\/h5> <h6 style=\"text-align: right;\">Em mais de 15 anos de atua\u00e7\u00e3o profissional em Design Multimedia, obtive profici\u00eancia em dire\u00e7\u00e3o de arte, design gr\u00e1fico, web design, user experience, user interface, design editorial, informa\u00e7\u00e3o, branding e embalagem, edi\u00e7\u00e3o de v\u00eddeo e anima\u00e7\u00e3o, al\u00e9m de desenvolver habilidades organizacionais.<\/h6> <p>\u00a0<\/p> <ul> <li style=\"text-align: left;\">Experi\u00eancia e extensa forma\u00e7\u00e3o acad\u00eamica\/pr\u00e1tica em design multim\u00eddia, incluindo: Portf\u00f3lio consistente de design gr\u00e1fico e web design relacionados com v\u00e1rias organiza\u00e7\u00f5es empresariais.<\/li> <li style=\"text-align: left;\">Especialista em aplicativos da Adobe Creative Cloud, incluindo Adobe Photoshop, Illustrator, InDesign, Dreamweaver e Muse.<\/li> <li style=\"text-align: left;\">Experi\u00eancia em design interativo e mobile user experience design, design visual, arquitetura da informa\u00e7\u00e3o, acessibilidade e padr\u00f5es web. Conhecimento avan\u00e7ado em HTML, CSS, JavaScript, PHP, banco de dados MySQL, Wordpress, Google Analytics e SEO Search Engine Optimization.<\/li> <li style=\"text-align: left;\">Treinamento e experi\u00eancia de trabalho em v\u00eddeo\/ferramentas de edi\u00e7\u00e3o de som e anima\u00e7\u00e3o, incluindo Adobe After Effects, Apple Final Cut Pro, Adobe Premier Pro e Adobe Audition. Gest\u00e3o de equipe em projetos de design.<\/li> <li style=\"text-align: left;\">Perfil de lideran\u00e7a, facilidade no desenvolvimento de atividade em equipe, proatividade e adequa\u00e7\u00e3o a mudan\u00e7as. Capacidade de aten\u00e7\u00e3o aos detalhes, assegurando que o produto final esteja 100% correto.<\/li> <li style=\"text-align: left;\">Gest\u00e3o de m\u00faltiplos projetos, com defini\u00e7\u00e3o de prioridades e aloca\u00e7\u00f5es necess\u00e1rias. \u00d3tima capacidade de comunica\u00e7\u00e3o interpessoal (escrita, oral e gr\u00e1fica). Estabelecimento de boas rela\u00e7\u00f5es de trabalho com os clientes em todos os n\u00edveis.<\/li> <\/ul>\n<img src=\"https:\/\/nadiareinig.com.br\/wp-content\/uploads\/2023\/08\/euredonda-300x300.jpg\" width=\"300\" height=\"300\" title=\"euredonda\" alt=\"euredonda\" srcset=\"https:\/\/nadiareinig.com.br\/wp-content\/uploads\/2023\/08\/euredonda-300x300.jpg 300w, https:\/\/nadiareinig.com.br\/wp-content\/uploads\/2023\/08\/euredonda-150x150.jpg 150w, https:\/\/nadiareinig.com.br\/wp-content\/uploads\/2023\/08\/euredonda-400x400.jpg 400w, https:\/\/nadiareinig.com.br\/wp-content\/uploads\/2023\/08\/euredonda.jpg 700w\" sizes=\"(max-width: 300px) 100vw, 300px\" \/>\n<a href=\"https:\/\/nadiareinig.com.br\/wp-content\/uploads\/2023\/09\/NadiaReinigMoreira.pdf\" target=\"_blank\" rel=\"noopener\"> Download CV <\/a>\n<img src=\"https:\/\/nadiareinig.com.br\/wp-content\/uploads\/2023\/08\/logo200px-110x168.jpg\" width=\"110\" height=\"168\" title=\"logo200px\" alt=\"logo200px\" srcset=\"https:\/\/nadiareinig.com.br\/wp-content\/uploads\/2023\/08\/logo200px-110x168.jpg 110w, https:\/\/nadiareinig.com.br\/wp-content\/uploads\/2023\/08\/logo200px-195x300.jpg 195w, https:\/\/nadiareinig.com.br\/wp-content\/uploads\/2023\/08\/logo200px-130x200.jpg 130w, https:\/\/nadiareinig.com.br\/wp-content\/uploads\/2023\/08\/logo200px.jpg 200w, https:\/\/nadiareinig.com.br\/wp-content\/uploads\/2023\/08\/logo200px-150x230.jpg 150w, https:\/\/nadiareinig.com.br\/wp-content\/uploads\/2023\/08\/logo200px-100x153.jpg 100w\" sizes=\"(max-width: 110px) 100vw, 110px\" \/>","_links":{"self":[{"href":"https:\/\/nadiareinig.com.br\/index.php?rest_route=\/wp\/v2\/pages\/90","targetHints":{"allow":["GET"]}}],"collection":[{"href":"https:\/\/nadiareinig.com.br\/index.php?rest_route=\/wp\/v2\/pages"}],"about":[{"href":"https:\/\/nadiareinig.com.br\/index.php?rest_route=\/wp\/v2\/types\/page"}],"author":[{"embeddable":true,"href":"https:\/\/nadiareinig.com.br\/index.php?rest_route=\/wp\/v2\/users\/1"}],"replies":[{"embeddable":true,"href":"https:\/\/nadiareinig.com.br\/index.php?rest_route=%2Fwp%2Fv2%2Fcomments&post=90"}],"version-history":[{"count":120,"href":"https:\/\/nadiareinig.com.br\/index.php?rest_route=\/wp\/v2\/pages\/90\/revisions"}],"predecessor-version":[{"id":1424,"href":"https:\/\/nadiareinig.com.br\/index.php?rest_route=\/wp\/v2\/pages\/90\/revisions\/1424"}],"wp:attachment":[{"href":"https:\/\/nadiareinig.com.br\/index.php?rest_route=%2Fwp%2Fv2%2Fmedia&parent=90"}],"curies":[{"name":"wp","href":"https:\/\/api.w.org\/{rel}","templated":true}]}}